on divisor of s and 7.
7
Suppose 2*o = -5*i + 3592, i - 38*o - 704 = -42*o. Suppose 17*x + i = 23*x. Calculate the highest common factor of x and 10.
10
Let c(l) = l**3 - 22*l**2 - 60*l + 22. Let t be c(25). Let d = t - -107. Calculate the greatest common divisor of 72 and d.
72
Suppose -3*h + 5*v - 82 + 349 = 0, -473 = -5*h - v. Suppose 23*m - h = -2. Suppose -2*g = -3*g + 36. What is the greatest common factor of g and m?
4
Let n(r) = 178*r**3 - r**2 + 1. Let t be n(1). Suppose -5*u + t = -42. Let p = 31 - 20. What is the highest common factor of u and p?
11
Suppose 2*w + 5*j - 631 = 2*j, 5*w + j - 1610 = 0. What is the highest common factor of 19 and w?
19
Let d be (55/(-10) + (-7 - -12))/(1/(-12)). Calculate the greatest common divisor of d and 486.
6
Suppose 5*t + 0*t - 255 = 0. Let b = 48 + t. Let r = b - 76. Calculate the highest common divisor of r and 23.
23
Suppose -5*h + 153*m = 152*m - 757, -3*h = -m - 457. What is the greatest common divisor of 486 and h?
6
Let h be 9/(-24) + 55215/40. What is the greatest common divisor of h and 180?
60
Suppose 8*w - 2 - 30 = 0. Suppose -2*h + 5 = -4*b + 1, -3*h + 8 = -4*b. What is the highest common factor of w and h?
4
Let b be (-4)/(-22) - 1550353/(-2651). What is the highest common divisor of 351 and b?
117
Let n(a) = a**2 + 10*a + 116. Let u be n(0). Let q = -67 + 96. Calculate the greatest common factor of u and q.
29
Suppose 282*z + 8299 = 475*z. Calculate the highest common divisor of 24639 and z.
43
Let x = -528 + 1176. Calculate the highest common factor of x and 1539.
81
Let d(a) = 2*a**2 + 13*a + 46. Let k be d(-16). Let t be -2 - 17/(-7) - (-5100)/k. What is the greatest common factor of t and 1065?
15
Suppose 5954 = -13*t + 208. Let x = t + 766. What is the greatest common factor of 12 and x?
12
Suppose -b + 3 = 0, 86 = -5*l + 3*l + 2*b. Let w = l - -45. Let a(i) = -i**2 + 3*i + 13. Let n be a(w). Calculate the greatest common divisor of 9 and n.
3
Suppose 6364*j - 3*i = 6363*j + 123, 3*i = -21. Calculate the highest common divisor of j and 29478.
102
Let n be (-1)/(-7) + (-2838)/462 + 842. What is the greatest common divisor of 1012 and n?
44
Let x = 1846 + -1274. Suppose -2*b + 0*b = -l + 200, -b + x = 3*l. Let a = -822 - -846. Calculate the greatest common divisor of l and a.
24
Let j be 11/176 + 39*430/480. Let x be (28/5)/(-1)*-5. What is the greatest common divisor of x and j?
7
Let h(f) = -15*f - 25. Suppose -82 - 32 = -3*t. Let x = -47 + t. Let c be h(x). Calculate the highest common divisor of c and 22.
22
Suppose -2*l = 3*l - 65. Let i(o) = 69*o + 359. Let t be i(-15). Let u = 689 + t. Calculate the greatest common factor of u and l.
13
Let k = 15777 - 10777. What is the highest common factor of 8 and k?
8
Suppose 333 = 3*n - 201. Let a = -122 + n. Calculate the highest common factor of a and 28.
28
Suppose -1090 = 239*d - 241*d + 3*m, -5*m + 2675 = 5*d. What is the highest common divisor of d and 245?
49
Let h(q) be the third derivative of 0*q - q**2 + 1/12*q**4 + 1/2*q**3 + 0. Let x be h(4). Calculate the greatest common factor of x and 121.
11
Let c be (13 + -21)*1/(-4). Let x = -252 - -364. Suppose -x = b - c*b. Calculate the highest common factor of 14 and b.
14
Let l be ((-42)/12)/(1/(-48)). Let i = 1370 - 1146. Calculate the highest common divisor of l and i.
56
Let d(q) = 3*q**3 - 62*q**2 + 38*q + 67. Let s be d(20). Calculate the greatest common factor of s and 306.
9
Let o = -411 + 453. Calculate the greatest common factor of 2961 and o.
21
Let o(q) = q**3 - 22*q**2 - 25*q + 51. Let l be o(23). Suppose -l*c = -934 + 59. Calculate the greatest common divisor of c and 25.
25
Let n = -5507 + 5524. Suppose -v = 4*v - 170. Calculate the greatest common divisor of n and v.
17
Suppose 11606*x - 11591*x = 3195. What is the greatest common divisor of 13632 and x?
213
Let t = 7101 - 7036. What is the greatest common divisor of t and 25?
5
Suppose -8*p = -43*s + 47*s - 4548, p + 2*s - 573 = 0. Calculate the highest common divisor of p and 336.
21
Let x(f) = f**3 - 8*f**2 + 48*f - 372. Let b be x(17). Calculate the greatest common divisor of b and 70.
35
Let i be 104/64 + -2 + -679*125/(-8). What is the greatest common divisor of i and 309?
103
Let a = -6 - -10. Let j be (28/(-21))/(35/1008)*(-20)/6. What is the highest common divisor of j and a?
4
Let w(m) = 11*m**2 + 15*m + 2. Let g = -87 - -90. Let r be w(g). Let n be (-5)/(16 - -4) - r/(-8). Calculate the highest common divisor of 54 and n.
18
Suppose -103*c - 29 = -104*c + g, -5*c + 155 = 5*g. What is the greatest common divisor of 1035 and c?
15
Let k = 6198 + -6128. Calculate the greatest common factor of 14 and k.
14
Let p(m) = 2*m - 1. Let v(h) = -1. Let k(q) = -p(q) - 6*v(q). Let a be k(2). Calculate the greatest common factor of a and 12.
3
Let l be 3 + 51/(-18) + (-3226)/(-12). Let j = l + -189. What is the greatest common divisor of 10 and j?
10
Let k be 6/42 + 3198/(-42). Let z = 114 - k. Calculate the greatest common divisor of z and 475.
95
Let t be (240/28)/((-2)/(-35)). Let l be (19 - -4 - -2) + 0. Suppose -5*c + l = 0, 3*c - 30 - 45 = -2*q. What is the greatest common divisor of t and q?
30
Let g = -3904 + 3964. What is the greatest common factor of 710 and g?
10
Let z = 2756 + -2754. Calculate the greatest common factor of 188 and z.
2
Suppose 145*v - 40 = 155*v. Let t be 20176/72 + v/18. Calculate the greatest common divisor of 35 and t.
35
Let v = 100 + -236. Let n = v - -138. Suppose 3*l - 6 = -g, -3*g + 18 = n*l - 5*l. Calculate the greatest common divisor of g and 3.
3
Let w = 2152 + -1642. What is the greatest common factor of 153 and w?
51
Let g(n) = n**3 + 19*n**2 + n + 4. Let a be g(-19). Let v be ((-10)/a)/((-2)/(-192) + 0). Calculate the greatest common factor of 16 and v.
16
Suppose 116*n = 85*n + 837. Suppose 42 - 15 = j. What is the highest common divisor of j and n?
27
Suppose 0 = -r - 2*i + 7, 2*r + 3*i - 52 = -37. Let x(w) = 2*w**3 - 11*w**2 - 6*w + 102. Let m be x(r). Calculate the greatest common divisor of 30 and m.
15
Suppose 7*y - 2*y = 5*t + 125, 2 = -t. Let f = y - -1. Let i be 4/14 + 19/7. Calculate the highest common divisor of i and f.
3
Let q = -4711 + 4717. What is the greatest common factor of q and 816?
6
Suppose 5*t + 2*g - 20 = 0, -5*t + 5*g - 23 = -4*t. Suppose -2*b = -10 + t. Suppose b*x - 169 + 61 = 0. What is the highest common divisor of x and 189?
27
Let w be 4/3*4*18/24. Let o = -222 - -248. Calculate the greatest common divisor of w and o.
2
Suppose -5*h - 6792 = -7772. What is the highest common divisor of h and 4606?
98
Let m be (-394)/(-26) + 10/(-65). Suppose m = l - 2*h + 5, -l + 5*h + 4 = 0. What is the greatest common divisor of 4 and l?
2
Let g = -136 + 159. Suppose -24*l = -g*l - 24. Let u be (5/(-10))/((-3)/72). Calculate the greatest common divisor of u and l.
12
Suppose 264 + 246 = 7*o + c, -5*o - 4*c = -384. What is the highest common divisor of o and 404?
4
Let n = 670 - -236. Suppose -18*i = -2418 + n. Calculate the highest common factor of 28 and i.
28
Suppose -4*c - 27 = -51. Let l be ((-264)/(-10))/(6/15). What is the highest common divisor of l and c?
6
Let x be (78/12 - 5)/((-2)/(-4)). Suppose -40 - 23 = -3*d. Suppose -12 = -x*p + d. What is the highest common divisor of 11 and p?
11
Let b be (-1 - (-124095)/57) + (-288)/2736. Calculate the highest common divisor of b and 384.
128
Let l = 0 + 3. Let w = l + 6. Let v be (28/3)/(6/w). Calculate the greatest common factor of v and 126.
14
Let j(m) = 7*m + 131. Let u be j(4). What is the highest common factor of u and 21?
3
Let w be (432/(-81))/(1/(-6)). What is the greatest common factor of 268 and w?
4
Let j be (-4)/18 - 5344/9. Let p = j - -1111. Suppose 33*k - 863 = 688. Calculate the highest common factor of k and p.
47
Let h be 3 - 1 - -1 - -1. Suppose -h*f + 36 = -48. Suppose p - 18 = 4*a, 0 = -5*a + 1 - 6. Calculate the highest common factor of p and f.
7
Let w(c) = 2*c**2 + 16*c + 47. Let h be w(-6). Suppose -2640 = h*i - 34*i. Calculate the greatest common divisor of 60 and i.
60
Suppose 45402 = 8*q + 34*q. What is the highest common factor of q and 23?
23
Suppose 2 = 2*q + 5*g - 20, q + g = 5. Let t be 0 + -2 - (-8 - -3). What is the highest common divisor of t and q?
1
Let i(z) = -8